
Let f(l) = -1. Let n(j) = 3*j**3 - 2*j + 1. Let w(i) = 4*f(i) - n(i). Let x(s) = s**3 + 1. Let b(o) = w(o) + 4*x(o). Determine b(2).
11
Let n = -34 + 34. Let m(u) be the second derivative of 0 - 2*u + 1/6*u**3 + n*u**2. What is m(0)?
0
Suppose -5*m + 4*j + 43 + 11 = 0, m + j = 9. Let a(r) = -r**2 + 11*r - 10. Calculate a(m).
0
Suppose -a + 5 - 1 = 0. Let l(d) = -d**2 + 4*d - 2. Calculate l(a).
-2
Let y be -3 + 2 + 3/((-9)/12). Let s(l) be the first derivative of -l**2/2 - 5*l + 1. Let j(c) = 3*c + 15. Let n(a) = 2*j(a) + 7*s(a). Determine n(y).
0
Suppose 3*n + 5*z - 14 - 2 = 0, 10 = 5*z. Suppose -8*d = -4*d - 8. Let g(w) = -w**n + w - 4*w + d*w - 2*w + 4. Determine g(-5).
-6
Let q be (-10)/4*112/70. Let k(s) = 2*s**2 + 4*s - 5. Give k(q).
11
Let v(p) = 3*p - 2. Let r be ((-14)/(-4) - 3)*(6 + 0). What is v(r)?
7
Let l(i) = -6*i**2 - i - 1. Let y be ((-1)/(-2))/((-5)/10). Calculate l(y).
-6
Let w(u) = -2*u - 5. Let r = -15 + 11. Calculate w(r).
3
Let o(r) = r**2 - 3*r - 4. Suppose -2*d = 4*t - 8, 1 = -3*t - 0*t - 5*d. Calculate o(t).
-4
Let x(s) = s**3 - 7*s - 2. Let n(a) = a**2 + a. Let t(j) = 4*n(j) + x(j). Give t(-4).
10
Let d(w) be the third derivative of -w**5/60 + w**4/24 - w**3/6 + 4*w**2. Let t(o) = 3*o + 6 + o - 3*o. Let c be t(-4). What is d(c)?
-3
Let i(u) = u**3 - u. Let w be i(2). Suppose -w + 2 = c. Let s(v) = -v - 2. Determine s(c).
2
Let k(n) = n**3 + 9*n**2 - 2*n + 1. Let r(l) = 2*l**3 + 19*l**2 - 4*l + 3. Let p(d) = -9*k(d) + 4*r(d). Suppose -3*m - 8 - 7 = 0. Calculate p(m).
-7
Let a(o) = -o - 1. Let b(s) = 5*s**2 + 4*s + 5. Let g(l) = -4*a(l) - b(l). Calculate g(-1).
-6
Let w(l) = -l**3 + 4*l**2 + 6*l - 4. Let d(g) = -2 + 2 + g + 2. Let r be d(3). Give w(r).
1
Suppose 0*y + 60 = 4*y. Let s = y + -11. Let k(w) = 4*w - 1. Let d(l) = 21*l - 5. Let v(j) = -2*d(j) + 11*k(j). Determine v(s).
7
Suppose -2*f + 9*c = 4*c - 9, 5 = -c. Let x(m) = -m**2 - 9*m - 4. What is x(f)?
4
Let s(m) = m**2 + 7*m + 2. Let q be s(-7). Suppose 0 = 4*c + q*i - 12, -2*i - 3*i = 2*c + 2. Let j(g) = 0*g + 3 + c*g - g - g**2 - 6*g. Give j(-3).
3
Let k(w) be the first derivative of 3*w**2 - 4. Let f = 4 + -1. Suppose f = 2*u + 5. What is k(u)?
-6
Let d(j) be the first derivative of 2 - j - 3*j**3 + j**3 - 3. Let n be 1 + -1 + (-6 - -7). Calculate d(n).
-7
Let p(a) = a**2 + 7*a - 11. Let r be p(-8). Let k(z) = 3*z + 2. What is k(r)?
-7
Suppose 4*r = -r - 30. Let w(a) = -6 - 2*a - 1 + 4 + 2. Give w(r).
11
Let o(d) be the first derivative of 2*d**3/3 - d**2 + d - 17. Calculate o(1).
1
Suppose -8 = 9*t - 7*t. Let p(z) = -2*z - 1. Give p(t).
7
Let h(x) be the second derivative of -3/2*x**2 - 5/12*x**4 + 0 + 1/20*x**5 - x + 1/3*x**3. Calculate h(5).
7
Let d = -6 + 3. Let v = 8 - 3. Let w(n) = n + 1. Let c(a) = a + 2. Let f(r) = v*w(r) - 4*c(r). Determine f(d).
-6
Let g(n) = -n**3 - 2*n**2 + 2*n**2 - 3*n - 7 - 6*n**2. Give g(-6).
11
Let m(r) be the first derivative of -1/2*r**2 - 2*r - 2. Give m(5).
-7
Suppose -2*t + 4*t + 18 = 2*k, 5*k + 4*t - 18 = 0. Let j(w) = w**2 - 8*w + 6. Determine j(k).
-6
Let h(j) be the second derivative of -j**4/3 + j**3/3 + j**2/2 - j. Let l(w) = -7*w**2 + 5*w + 3. Let y be 2/4 + 18/4. Let n(q) = y*h(q) - 3*l(q). What is n(5)?
-4
Let d = 2 - 2. Let w = d - -3. Let t(q) = -w + 2*q - q**2 - 3 + 5. Calculate t(3).
-4
Suppose -3*k - 10 - 15 = -5*a, -3*k - 4*a + 20 = 0. Let b be (-6)/10*(-12 + 7). Suppose -2*c + c - b = k. Let t(x) = x. What is t(c)?
-3
Let n = 10 + -12. Let w(o) be the second derivative of -1/6*o**4 - o - 3/2*o**2 - 2/3*o**3 + 0. Give w(n).
-3
Let h be 4/12*(-45)/(-6). Let d(t) be the first derivative of -t - 1/3*t**3 + h*t**2 - 3. What is d(2)?
5
Let k(v) = 4*v - v - 4*v. Let r be 35/11 + 24/(-132). Let t be -1 + -2*(-3)/r. What is k(t)?
-1
Let q(l) = -l**3 + 7*l**2 + 6*l + 9. Let d be q(8). Let u(o) = o + 10. Give u(d).
3
Let l(o) = 5*o**2 + 3*o + 7. Let f(j) = -j**2 - j - 1. Let v(c) = 6*f(c) + l(c). Let y = 6 - 3. Suppose y*r + 4 = -2. What is v(r)?
3
Suppose 6 = -5*a - 4. Let d(w) = -w**3 - 2*w**2 + 2*w - 2. Let f(h) = -h**3 - h**2 + h - 1. Let l(s) = d(s) - 2*f(s). Calculate l(a).
-8
Let b(z) = -z. Let y = -1 - -5. Calculate b(y).
-4
Let x(f) = 8*f**3 - f**2 + 2*f - 1. Let k(n) = 17*n**3 - 3*n**2 + 4*n - 3. Let t(i) = -2*k(i) + 5*x(i). Give t(-1).
-6
Let z(h) = -h**3 + 6*h**2 + h + 6. Let n be z(6). Suppose 0 = 4*x - 0*x - n. Let t(j) = -j**3 + 2*j + 2*j**2 + 0*j**3 + 3 + 0*j. What is t(x)?
0
Let a(x) be the first derivative of -1/6*x**3 - 1 - 1/2*x**2 + x. Let m(j) be the first derivative of a(j). Determine m(-1).
0
Let i(l) = -6*l**2 - 4*l - 1. Let k(z) = z**2 + z. Let s(c) = -i(c) - 4*k(c). Determine s(1).
3
Let u(h) = -h**2 + 7*h - 7. Suppose d - 8 = 5. Let q = -8 + d. Give u(q).
3
Let v(x) = -4*x**2 - 6*x - 8. Let h(a) = 9*a**2 + 13*a + 17. Let p(t) = 3*h(t) + 7*v(t). What is p(-6)?
-23
Let m be 1*(2 + -2 + 1). Let i(q) be the first derivative of q**2 + q - 13. What is i(m)?
3
Let o(x) = -4*x**2 + 8*x + 4*x**2 - 9 - x**2 + 0. What is o(6)?
3
Let q(r) = -4*r + 7*r + r - 5 + 5*r**2 - 6*r**2. Determine q(4).
-5
Suppose -3*x = -5*p - 15, -2*x - 3 = -0*x + p. Let w(k) = 2*k**3 - 4*k - 3*k**3 - 6 + x*k**3 + 3 - 3*k**2. Calculate w(-3).
9
Let n(v) be the third derivative of 1/2*v**3 - 1/60*v**5 + 0 + v**2 - 1/120*v**6 + 5/24*v**4 + 0*v. What is n(-3)?
6
Suppose 0 = 3*l - 2*a - 2*a + 2, 0 = -l - 3*a + 8. Let z(m) = -171 + 169 - l*m + m. Suppose -17 + 5 = 4*d. Determine z(d).
1
Let r(h) = -3*h - 2*h + h**2 + 8 - 1. Let q(i) = -i**2 + 12*i - 15. Let l be q(10). Give r(l).
7
Let o be ((-2)/3*3)/(-1). Let m(b) = 5 - b - 1 - b**2 - o*b. Suppose 3*z = z - 8. Give m(z).
0
Let w(a) = -3*a**2 + 15*a - 1. Let g(z) = -z**2 + 5*z. Let c(p) = 8*g(p) - 3*w(p). Determine c(3).
-3
Let o(z) = 6*z**3 - 3*z**2 - 13*z - 11. Let t(n) = -3*n**3 + n**2 + 6*n + 5. Let p(d) = 3*o(d) + 7*t(d). Determine p(-2).
12
Let b be (3/9*0)/(-2). Let r(m) = m**2 + 1. Give r(b).
1
Let z(j) = -3*j + 3. Let t(v) be the third derivative of v**5/15 - v**4/24 - v**3/6 - v**2. Let u be t(-1). Give z(u).
-9
Let n(c) = c + 8. Let k(r) = r**2 + 5*r. Suppose -2*f - 3*a = -5, 0*f - f + 4*a = 25. Let h be k(f). Give n(h).
8
Let x = 4 + 1. Suppose -x*f - 6 = -1. Let m(w) = 2*w - 1. Let p(i) = i. Let g(l) = f*m(l) + 4*p(l). Give g(-2).
-3
Let x(a) = -a + 4. Let c be (1/2)/(5/30). What is x(c)?
1
Let j(a) = -a**3 + 3*a + 3. Let p(g) = -g**3 + 10*g**2 - 10*g + 7. Let y be p(9). Give j(y).
5
Let v(w) = -9*w - 12. Let r(m) = -m - 1. Let k(g) = -12*r(g) + v(g). What is k(-1)?
-3
Let o(d) be the first derivative of d**4/4 - d**3 + 2*d**2 - 2*d - 27. Give o(2).
2
Let o(d) = 2*d**3 - 1. Let h be o(1). Let u be 1*10 - (h + 0). Let f(k) = k**2 + 9*k - u*k. What is f(-1)?
1
Let s(p) = p**2 - 7*p + 8. Let d be s(6). Let b(r) be the first derivative of -r - 4 + 1/2*r**d. Calculate b(5).
4
Let f(a) = 2*a - 15. Let y(b) = -4*b + 31. Let i(s) = 9*f(s) + 4*y(s). Give i(8).
5
Let k(f) = -2*f**3 - 7*f**2 + f - 5. Let g(j) = -j**3 - j**2 - 1. Let i(z) = 5*g(z) - k(z). Calculate i(1).
-2
Let v be (2 - 4 - -4) + 1. Suppose v*d - 7*d + 80 = 0. Suppose 0*m - 16 = m - 3*g, -m + 4*g = d. Let s(w) = -3*w - 3. Calculate s(m).
9
Let w(b) = -5*b + 0 + 9*b + 7 - 5*b. Calculate w(6).
1
Let d be (3 - (7 - 3)) + 0 + 2. Let n be 4 - -1*(0 - -1). Let c(g) = -g - 3*g**2 - 1 + 3*g - n*g**2. What is c(d)?
-7
Let b(v) = -v + 2. Let a be b(2). Let k(m) = 1 - 3*m - 4*m + 3*m + 3*m. Give k(a).
1
Suppose 4*c - 2*c = 0. Let m(s) = -3 - s**3 + c*s**3 - 3*s - 4*s**2 - s + 2. Give m(-3).
2
Suppose 2*q = 4*q + 2. Let s(f) be the second derivative of -2*f**5/5 + f**3/6 - f. Calculate s(q).
7
Let k(g) = -g**3 + 3*g**2 + 2. Let v(f) = f**2 + 1. Let z(a) = k(a) - 4*v(a). Let m(c) = -2*c - 6. Let u be m(-2). Determine z(u).
2
Let n(w) = w + 1. Let m(d) = d**3 + 6*d**2 + d - 5. Let y be m(-6). Let u(h) = 4*h + 5. Let v(r) = y*n(r) + 2*u(r). Let i be ((-10)/6 - -1)*3. Determine v(i).
5
Suppose -3*n + n = 10. Let q(k) = -2*k - 4. Give q(n).
6
Let q(u) = u**2 - 4*u - 3. Let x be q(4). Let t(w) = -4*w**2 + 3*w**2 + 2*w**2 + 3*w + 0 - 4. What is t(x)?
-4
Let v(i) = -8*i**3 - i**2 - i. Let x = -8 + 13. Suppose 5*q + d + 1 + 2 = 0, d - x = 3*q. Determine v(q).
8
Suppose a = -0*a + 2. Suppose a*n + 6 = 2. Let c be (8/n)/(-4 + 5